{"id":11668,"date":"2025-06-19T05:14:40","date_gmt":"2025-06-19T05:14:40","guid":{"rendered":"https:\/\/www.perspektiven-burkina.de\/?page_id=11668"},"modified":"2026-04-18T08:06:43","modified_gmt":"2026-04-18T08:06:43","slug":"aktuelles-2","status":"publish","type":"page","link":"https:\/\/www.perspektiven-burkina.de\/?page_id=11668","title":{"rendered":"Aktuelles und Presse"},"content":{"rendered":"\t\t<div data-elementor-type=\"wp-page\" data-elementor-id=\"11668\" class=\"elementor elementor-11668\" data-elementor-post-type=\"page\">\n\t\t\t\t<div class=\"elementor-element elementor-element-88c18de e-flex e-con-boxed e-con e-parent\" data-id=\"88c18de\" data-element_type=\"container\" data-e-type=\"container\">\n\t\t\t\t\t<div class=\"e-con-inner\">\n\t\t<div class=\"elementor-element elementor-element-e5de9b1 e-con-full e-flex e-con e-child\" data-id=\"e5de9b1\" data-element_type=\"container\" data-e-type=\"container\">\n\t\t\t\t<div class=\"elementor-element elementor-element-385abb4 elementor-widget elementor-widget-image\" data-id=\"385abb4\" data-element_type=\"widget\" data-e-type=\"widget\" data-widget_type=\"image.default\">\n\t\t\t\t<div class=\"elementor-widget-container\">\n\t\t\t\t\t\t\t\t\t\t\t\t\t\t\t<img fetchpriority=\"high\" decoding=\"async\" width=\"768\" height=\"768\" src=\"https:\/\/www.perspektiven-burkina.de\/wp-content\/uploads\/2025\/06\/Logo-Final-25-scaled-1-768x768.png\" class=\"attachment-medium_large size-medium_large wp-image-11639\" alt=\"\" srcset=\"https:\/\/www.perspektiven-burkina.de\/wp-content\/uploads\/2025\/06\/Logo-Final-25-scaled-1-768x768.png 768w, https:\/\/www.perspektiven-burkina.de\/wp-content\/uploads\/2025\/06\/Logo-Final-25-scaled-1-300x300.png 300w, https:\/\/www.perspektiven-burkina.de\/wp-content\/uploads\/2025\/06\/Logo-Final-25-scaled-1-1024x1024.png 1024w, https:\/\/www.perspektiven-burkina.de\/wp-content\/uploads\/2025\/06\/Logo-Final-25-scaled-1-150x150.png 150w, https:\/\/www.perspektiven-burkina.de\/wp-content\/uploads\/2025\/06\/Logo-Final-25-scaled-1-1536x1536.png 1536w, https:\/\/www.perspektiven-burkina.de\/wp-content\/uploads\/2025\/06\/Logo-Final-25-scaled-1-2048x2048.png 2048w\" sizes=\"(max-width: 768px) 100vw, 768px\" \/>\t\t\t\t\t\t\t\t\t\t\t\t\t\t\t<\/div>\n\t\t\t\t<\/div>\n\t\t\t\t<\/div>\n\t\t<div class=\"elementor-element elementor-element-e607080 e-con-full e-flex e-con e-child\" data-id=\"e607080\" data-element_type=\"container\" data-e-type=\"container\">\n\t\t<div class=\"elementor-element elementor-element-40b1bf1 e-con-full e-flex e-con e-child\" data-id=\"40b1bf1\" data-element_type=\"container\" data-e-type=\"container\">\n\t\t\t\t<div class=\"elementor-element elementor-element-b10b8ee elementor-widget elementor-widget-html\" data-id=\"b10b8ee\" data-element_type=\"widget\" data-e-type=\"widget\" data-widget_type=\"html.default\">\n\t\t\t\t<div class=\"elementor-widget-container\">\n\t\t\t\t\t<div class=\"aktuelles-intro\">\n  <h1>Aktuelles aus dem Vereinsleben<\/h1>\n  <p>\n    Hier berichten wir \u00fcber Neuigkeiten, Aktionen und Entwicklungen rund um\n    <strong>Perspektiven f\u00fcr Burkina Faso e.V.<\/strong>. Ob Mitgliederversammlung, Spendenaktionen oder Projektfortschritte \u2013 bleiben Sie auf dem Laufenden \u00fcber unser Engagement f\u00fcr Bildung, Gesundheit und Zukunft in Burkina Faso.\n  <\/p>\n<\/div>\n\t\t\t\t<\/div>\n\t\t\t\t<\/div>\n\t\t\t\t<\/div>\n\t\t\t\t<\/div>\n\t\t\t\t\t<\/div>\n\t\t\t\t<\/div>\n\t\t<div class=\"elementor-element elementor-element-58a6c8ee e-con-full e-flex e-con e-parent\" data-id=\"58a6c8ee\" data-element_type=\"container\" data-e-type=\"container\" data-settings=\"{&quot;background_background&quot;:&quot;classic&quot;}\">\n\t\t\t\t<div class=\"elementor-element elementor-element-4be8fd3b elementor-posts--align-center elementor-grid-3 elementor-grid-tablet-2 elementor-grid-mobile-1 elementor-posts--thumbnail-top elementor-widget elementor-widget-posts\" data-id=\"4be8fd3b\" data-element_type=\"widget\" data-e-type=\"widget\" data-settings=\"{&quot;classic_row_gap&quot;:{&quot;unit&quot;:&quot;px&quot;,&quot;size&quot;:50,&quot;sizes&quot;:[]},&quot;classic_row_gap_tablet&quot;:{&quot;unit&quot;:&quot;px&quot;,&quot;size&quot;:40,&quot;sizes&quot;:[]},&quot;classic_row_gap_mobile&quot;:{&quot;unit&quot;:&quot;px&quot;,&quot;size&quot;:60,&quot;sizes&quot;:[]},&quot;pagination_type&quot;:&quot;prev_next&quot;,&quot;classic_columns&quot;:&quot;3&quot;,&quot;classic_columns_tablet&quot;:&quot;2&quot;,&quot;classic_columns_mobile&quot;:&quot;1&quot;}\" data-widget_type=\"posts.classic\">\n\t\t\t\t<div class=\"elementor-widget-container\">\n\t\t\t\t\t\t\t<div class=\"elementor-posts-container elementor-posts elementor-posts--skin-classic elementor-grid\" role=\"list\">\n\t\t\t\t<article class=\"elementor-post elementor-grid-item post-12958 post type-post status-publish format-standard hentry category-presse\" role=\"listitem\">\n\t\t\t\t<div class=\"elementor-post__text\">\n\t\t\t\t<h3 class=\"elementor-post__title\">\n\t\t\t<a href=\"https:\/\/www.perspektiven-burkina.de\/?p=12958\" target=&quot;_blank&quot;>\n\t\t\t\t\u201eVorbildlich\u201c: Verein f\u00fcr Burkina Faso\t\t\t<\/a>\n\t\t<\/h3>\n\t\t\t\t<div class=\"elementor-post__meta-data\">\n\t\t\t\t\t<span class=\"elementor-post-date\">\n\t\t\tJanuar 27, 2026\t\t<\/span>\n\t\t\t\t<\/div>\n\t\t\t\t<div class=\"elementor-post__excerpt\">\n\t\t\t<p>Dachau\/Ouagadougou \u2013 Der Dachauer Verein \u201ePerspektiven f\u00fcr Burkina Faso\u201c hat eine Delegation nach Burkina Faso entsandt, um den Fortschritt seiner Programme in Bildung, Energie, Gesundheit und Armutsbek\u00e4mpfung zu pr\u00fcfen, Meilensteine einzuweihen und mit staatlichen Stellen \u00fcber n\u00e4chste Schritte zu sprechen.<\/p>\n\t\t<\/div>\n\t\t\n\t\t<a class=\"elementor-post__read-more\" href=\"https:\/\/www.perspektiven-burkina.de\/?p=12958\" aria-label=\"Mehr \u00fcber \u201eVorbildlich\u201c: Verein f\u00fcr Burkina Faso\" tabindex=\"-1\" target=\"_blank\">\n\t\t\tMehr Lesen \t\t<\/a>\n\n\t\t\t\t<\/div>\n\t\t\t\t<\/article>\n\t\t\t\t<article class=\"elementor-post elementor-grid-item post-12810 post type-post status-publish format-standard hentry category-presse\" role=\"listitem\">\n\t\t\t\t<div class=\"elementor-post__text\">\n\t\t\t\t<h3 class=\"elementor-post__title\">\n\t\t\t<a href=\"https:\/\/www.perspektiven-burkina.de\/?p=12810\" target=&quot;_blank&quot;>\n\t\t\t\tPresseartikel zur Mitgliederversammlung\t\t\t<\/a>\n\t\t<\/h3>\n\t\t\t\t<div class=\"elementor-post__meta-data\">\n\t\t\t\t\t<span class=\"elementor-post-date\">\n\t\t\tJuli 30, 2025\t\t<\/span>\n\t\t\t\t<\/div>\n\t\t\t\t<div class=\"elementor-post__excerpt\">\n\t\t\t<p>Lehrerzimmer und Photovoltaik Dachau \u2013 Der Verein \u201ePerspektiven f\u00fcr Burkina Faso\u201c plant als n\u00e4chstes Gro\u00dfprojekt den Bau eines Lehrerzimmers und die Ausstattung der Schulgeb\u00e4ude mit<\/p>\n\t\t<\/div>\n\t\t\n\t\t<a class=\"elementor-post__read-more\" href=\"https:\/\/www.perspektiven-burkina.de\/?p=12810\" aria-label=\"Mehr \u00fcber Presseartikel zur Mitgliederversammlung\" tabindex=\"-1\" target=\"_blank\">\n\t\t\tMehr Lesen \t\t<\/a>\n\n\t\t\t\t<\/div>\n\t\t\t\t<\/article>\n\t\t\t\t<article class=\"elementor-post elementor-grid-item post-11825 post type-post status-publish format-standard hentry category-aktuelles\" role=\"listitem\">\n\t\t\t\t<div class=\"elementor-post__text\">\n\t\t\t\t<h3 class=\"elementor-post__title\">\n\t\t\t<a href=\"https:\/\/www.perspektiven-burkina.de\/?p=11825\" target=&quot;_blank&quot;>\n\t\t\t\tGegen weibliche genitale Beschneidung\t\t\t<\/a>\n\t\t<\/h3>\n\t\t\t\t<div class=\"elementor-post__meta-data\">\n\t\t\t\t\t<span class=\"elementor-post-date\">\n\t\t\tFebruar 17, 2023\t\t<\/span>\n\t\t\t\t<\/div>\n\t\t\t\t<div class=\"elementor-post__excerpt\">\n\t\t\t<p>Beim Vortrag des Vereins NALA in M\u00fcnchen sprach Alt-OB Christian Ude \u00fcber weibliche Genitalverst\u00fcmmelung (FGM) aus politischer Perspektive. Er betonte, dass FGM keine religi\u00f6se Grundlage habe und kritisierte kulturelle Praktiken, die M\u00e4dchen massiv schaden. Unterst\u00fctzt wurde er von Fadumo Korn, selbst Betroffene, die eindr\u00fccklich von ihren Erfahrungen berichtete. Die Veranstaltung zeigte, dass Aufkl\u00e4rung, auch durch Au\u00dfenstehende, weiterhin dringend n\u00f6tig ist.<\/p>\n\t\t<\/div>\n\t\t\n\t\t<a class=\"elementor-post__read-more\" href=\"https:\/\/www.perspektiven-burkina.de\/?p=11825\" aria-label=\"Mehr \u00fcber Gegen weibliche genitale Beschneidung\" tabindex=\"-1\" target=\"_blank\">\n\t\t\tMehr Lesen \t\t<\/a>\n\n\t\t\t\t<\/div>\n\t\t\t\t<\/article>\n\t\t\t\t<article class=\"elementor-post elementor-grid-item post-11725 post type-post status-publish format-standard hentry category-presse\" role=\"listitem\">\n\t\t\t\t<div class=\"elementor-post__text\">\n\t\t\t\t<h3 class=\"elementor-post__title\">\n\t\t\t<a href=\"https:\/\/www.perspektiven-burkina.de\/?p=11725\" target=&quot;_blank&quot;>\n\t\t\t\tEine neue Schule f\u00fcr Kokologho\t\t\t<\/a>\n\t\t<\/h3>\n\t\t\t\t<div class=\"elementor-post__meta-data\">\n\t\t\t\t\t<span class=\"elementor-post-date\">\n\t\t\tFebruar 10, 2023\t\t<\/span>\n\t\t\t\t<\/div>\n\t\t\t\t<div class=\"elementor-post__excerpt\">\n\t\t\t<p>Die Fachoberschule Karlsfeld spendet 1.000\u202fEuro an den Verein Perspektiven f\u00fcr Burkina Faso e.V. zur Unterst\u00fctzung des Baus eines Gymnasiums in Kokologho. Die Spende stammt vom Tag der offenen T\u00fcr, erg\u00e4nzt durch den F\u00f6rderverein. Die neue Schule soll 260 Kindern Bildung erm\u00f6glichen. Der Verein \u00fcbernimmt Bau und Planung, das Bildungsministerium Burkina Fasos die laufenden Kosten.<\/p>\n\t\t<\/div>\n\t\t\n\t\t<a class=\"elementor-post__read-more\" href=\"https:\/\/www.perspektiven-burkina.de\/?p=11725\" aria-label=\"Mehr \u00fcber Eine neue Schule f\u00fcr Kokologho\" tabindex=\"-1\" target=\"_blank\">\n\t\t\tMehr Lesen \t\t<\/a>\n\n\t\t\t\t<\/div>\n\t\t\t\t<\/article>\n\t\t\t\t<article class=\"elementor-post elementor-grid-item post-11817 post type-post status-publish format-standard hentry category-aktuelles\" role=\"listitem\">\n\t\t\t\t<div class=\"elementor-post__text\">\n\t\t\t\t<h3 class=\"elementor-post__title\">\n\t\t\t<a href=\"https:\/\/www.perspektiven-burkina.de\/?p=11817\" target=&quot;_blank&quot;>\n\t\t\t\tEinladung zur Mitgliederversammlung mit G\u00e4sten aus Burkina Faso\t\t\t<\/a>\n\t\t<\/h3>\n\t\t\t\t<div class=\"elementor-post__meta-data\">\n\t\t\t\t\t<span class=\"elementor-post-date\">\n\t\t\tSeptember 23, 2022\t\t<\/span>\n\t\t\t\t<\/div>\n\t\t\t\t<div class=\"elementor-post__excerpt\">\n\t\t\t<p>Am 26.09.2022 findet um 19 Uhr im Ludwig-Thoma-Haus in Dachau die Mitgliederversammlung des Vereins \u201ePerspektiven f\u00fcr Burkina Faso\u201c statt. Auf dem Programm stehen Berichte zur Reise und aktuellen Projekten, darunter der Schulbau in Kokologho, sowie der Jahres- und Kassenbericht. Besonders spannend ist der Austausch mit burkinischen G\u00e4sten, die \u00fcber die aktuelle Lage in ihrem Land informieren werden.<\/p>\n\t\t<\/div>\n\t\t\n\t\t<a class=\"elementor-post__read-more\" href=\"https:\/\/www.perspektiven-burkina.de\/?p=11817\" aria-label=\"Mehr \u00fcber Einladung zur Mitgliederversammlung mit G\u00e4sten aus Burkina Faso\" tabindex=\"-1\" target=\"_blank\">\n\t\t\tMehr Lesen \t\t<\/a>\n\n\t\t\t\t<\/div>\n\t\t\t\t<\/article>\n\t\t\t\t<article class=\"elementor-post elementor-grid-item post-11720 post type-post status-publish format-standard hentry category-presse\" role=\"listitem\">\n\t\t\t\t<div class=\"elementor-post__text\">\n\t\t\t\t<h3 class=\"elementor-post__title\">\n\t\t\t<a href=\"https:\/\/www.perspektiven-burkina.de\/?p=11720\" target=&quot;_blank&quot;>\n\t\t\t\tDachauer brechen nach Burkina Faso auf\t\t\t<\/a>\n\t\t<\/h3>\n\t\t\t\t<div class=\"elementor-post__meta-data\">\n\t\t\t\t\t<span class=\"elementor-post-date\">\n\t\t\tJuni 13, 2022\t\t<\/span>\n\t\t\t\t<\/div>\n\t\t\t\t<div class=\"elementor-post__excerpt\">\n\t\t\t<p>Zum zweiten Mal reist eine Gruppe aus dem Landkreis Dachau nach Burkina Faso. Ziel ist unter anderem die Vertragsunterzeichnung f\u00fcr den Bau eines Schulgeb\u00e4udes in Kokologho. Das Projekt wird vor Ort vom erfahrenen Partnerverein El-Shama-Educare betreut. Im Fokus der Reise stehen die F\u00f6rderung beruflicher Bildung sowie das Kennenlernen der afrikanischen Kultur. Die erste Reise 2019 war Ausl\u00f6ser f\u00fcr die Gr\u00fcndung des Vereins Perspektiven f\u00fcr Burkina Faso.<\/p>\n\t\t<\/div>\n\t\t\n\t\t<a class=\"elementor-post__read-more\" href=\"https:\/\/www.perspektiven-burkina.de\/?p=11720\" aria-label=\"Mehr \u00fcber Dachauer brechen nach Burkina Faso auf\" tabindex=\"-1\" target=\"_blank\">\n\t\t\tMehr Lesen \t\t<\/a>\n\n\t\t\t\t<\/div>\n\t\t\t\t<\/article>\n\t\t\t\t<article class=\"elementor-post elementor-grid-item post-11812 post type-post status-publish format-standard hentry category-aktuelles\" role=\"listitem\">\n\t\t\t\t<div class=\"elementor-post__text\">\n\t\t\t\t<h3 class=\"elementor-post__title\">\n\t\t\t<a href=\"https:\/\/www.perspektiven-burkina.de\/?p=11812\" target=&quot;_blank&quot;>\n\t\t\t\tBurkina Faso gewinnt erstmals olympische Medaille\t\t\t<\/a>\n\t\t<\/h3>\n\t\t\t\t<div class=\"elementor-post__meta-data\">\n\t\t\t\t\t<span class=\"elementor-post-date\">\n\t\t\tAugust 4, 2021\t\t<\/span>\n\t\t\t\t<\/div>\n\t\t\t\t<div class=\"elementor-post__excerpt\">\n\t\t\t<p>Hugues Fabrice Zango sicherte Burkina Faso bei den Olympischen Spielen in Tokio die erste Medaille der Geschichte \u2013 Bronze im Dreisprung mit 17,47 Metern. Trotz der Herausforderungen als Sportler aus einem der \u00e4rmsten L\u00e4nder der Welt gelang ihm der Durchbruch auf die Weltspitze. Der Verein \u201ePerspektiven f\u00fcr Burkina Faso\u201c freut sich sehr \u00fcber diesen historischen Erfolg.<\/p>\n\t\t<\/div>\n\t\t\n\t\t<a class=\"elementor-post__read-more\" href=\"https:\/\/www.perspektiven-burkina.de\/?p=11812\" aria-label=\"Mehr \u00fcber Burkina Faso gewinnt erstmals olympische Medaille\" tabindex=\"-1\" target=\"_blank\">\n\t\t\tMehr Lesen \t\t<\/a>\n\n\t\t\t\t<\/div>\n\t\t\t\t<\/article>\n\t\t\t\t<article class=\"elementor-post elementor-grid-item post-11798 post type-post status-publish format-standard hentry category-aktuelles\" role=\"listitem\">\n\t\t\t\t<div class=\"elementor-post__text\">\n\t\t\t\t<h3 class=\"elementor-post__title\">\n\t\t\t<a href=\"https:\/\/www.perspektiven-burkina.de\/?p=11798\" target=&quot;_blank&quot;>\n\t\t\t\tMitgliederversammlung\t\t\t<\/a>\n\t\t<\/h3>\n\t\t\t\t<div class=\"elementor-post__meta-data\">\n\t\t\t\t\t<span class=\"elementor-post-date\">\n\t\t\tJuni 21, 2021\t\t<\/span>\n\t\t\t\t<\/div>\n\t\t\t\t<div class=\"elementor-post__excerpt\">\n\t\t\t<p>Der Verein \u201ePerspektiven f\u00fcr Burkina Faso\u201c traf sich virtuell mit Klaus Steiner (CSU), um \u00fcber Entwicklungszusammenarbeit zu sprechen. Dabei best\u00e4tigte sich, dass der Verein mit seinen Bildungs-, Energie- und Gesundheitsprojekten den richtigen Weg der Hilfe zur Selbsthilfe verfolgt.<\/p>\n<p>Gleichzeitig wurde die Bedeutung von Sicherheit und Stabilit\u00e4t betont, besonders wegen der Terrorgefahr im Norden Burkina Fasos. Da der Verein allein zu klein ist, braucht das Land st\u00e4rkere Unterst\u00fctzung. Abschlie\u00dfend dankte der Verein Klaus Steiner f\u00fcr seine Expertise und Hilfe.<\/p>\n\t\t<\/div>\n\t\t\n\t\t<a class=\"elementor-post__read-more\" href=\"https:\/\/www.perspektiven-burkina.de\/?p=11798\" aria-label=\"Mehr \u00fcber Mitgliederversammlung\" tabindex=\"-1\" target=\"_blank\">\n\t\t\tMehr Lesen \t\t<\/a>\n\n\t\t\t\t<\/div>\n\t\t\t\t<\/article>\n\t\t\t\t<article class=\"elementor-post elementor-grid-item post-11676 post type-post status-publish format-standard hentry category-presse\" role=\"listitem\">\n\t\t\t\t<div class=\"elementor-post__text\">\n\t\t\t\t<h3 class=\"elementor-post__title\">\n\t\t\t<a href=\"https:\/\/www.perspektiven-burkina.de\/?p=11676\" target=&quot;_blank&quot;>\n\t\t\t\tDachauer Verein setzt sich f\u00fcr Bildung in Burkina Faso ein\t\t\t<\/a>\n\t\t<\/h3>\n\t\t\t\t<div class=\"elementor-post__meta-data\">\n\t\t\t\t\t<span class=\"elementor-post-date\">\n\t\t\tDezember 21, 2020\t\t<\/span>\n\t\t\t\t<\/div>\n\t\t\t\t<div class=\"elementor-post__excerpt\">\n\t\t\t<p>Der Verein \u201ePerspektiven f\u00fcr Burkina Faso e.V.\u201c w\u00e4chst kontinuierlich und z\u00e4hlt inzwischen 25 aktive Mitglieder. Unterst\u00fctzung erh\u00e4lt er von lokalen Initiativen wie dem Fairhandelshaus, den G\u00e4stef\u00fchrern um Anni H\u00e4rtl und dem Verein Weitblick e.V. Der Schwerpunkt liegt auf Hilfe zur Selbsthilfe durch Bildung und berufliche F\u00f6rderung. So wurden etwa sechs N\u00e4hmaschinen an eine Berufsschule in Ouagadougou \u00fcbergeben sowie Schulmaterialien und Hygieneartikel, finanziert durch Spenden von 1000 Euro zur Unterst\u00fctzung in der Corona-Pandemie. F\u00fcr 2021 plant der Verein den Bau eines Gymnasiums in Kokologho im Rahmen der Aktion \u201e1000 Schulen f\u00fcr die Welt\u201c.<\/p>\n\t\t<\/div>\n\t\t\n\t\t<a class=\"elementor-post__read-more\" href=\"https:\/\/www.perspektiven-burkina.de\/?p=11676\" aria-label=\"Mehr \u00fcber Dachauer Verein setzt sich f\u00fcr Bildung in Burkina Faso ein\" tabindex=\"-1\" target=\"_blank\">\n\t\t\tMehr Lesen \t\t<\/a>\n\n\t\t\t\t<\/div>\n\t\t\t\t<\/article>\n\t\t\t\t<article class=\"elementor-post elementor-grid-item post-11709 post type-post status-publish format-standard hentry category-presse\" role=\"listitem\">\n\t\t\t\t<div class=\"elementor-post__text\">\n\t\t\t\t<h3 class=\"elementor-post__title\">\n\t\t\t<a href=\"https:\/\/www.perspektiven-burkina.de\/?p=11709\" target=&quot;_blank&quot;>\n\t\t\t\tNeuer Dachauer Verein will Hilfe in Burkina Faso leisten\t\t\t<\/a>\n\t\t<\/h3>\n\t\t\t\t<div class=\"elementor-post__meta-data\">\n\t\t\t\t\t<span class=\"elementor-post-date\">\n\t\t\tJanuar 12, 2020\t\t<\/span>\n\t\t\t\t<\/div>\n\t\t\t\t<div class=\"elementor-post__excerpt\">\n\t\t\t<p>Nach einer Reise im M\u00e4rz 2019 gr\u00fcndeten engagierte Mitglieder aus dem Landkreis Dachau den Verein \u201ePerspektiven f\u00fcr Burkina Faso\u201c, um gezielt Hilfe vor Ort zu leisten. Die Delegation war tief beeindruckt von den Herausforderungen, denen die Bev\u00f6lkerung in Burkina Faso gegen\u00fcbersteht, und entschlossen, langfristige Unterst\u00fctzung zu bieten \u2013 etwa durch medizinische Versorgung, Bildungsprojekte und praktische Hilfe. Ziel ist es, den Menschen echte Perspektiven zu schaffen.<\/p>\n\t\t<\/div>\n\t\t\n\t\t<a class=\"elementor-post__read-more\" href=\"https:\/\/www.perspektiven-burkina.de\/?p=11709\" aria-label=\"Mehr \u00fcber Neuer Dachauer Verein will Hilfe in Burkina Faso leisten\" tabindex=\"-1\" target=\"_blank\">\n\t\t\tMehr Lesen \t\t<\/a>\n\n\t\t\t\t<\/div>\n\t\t\t\t<\/article>\n\t\t\t\t<article class=\"elementor-post elementor-grid-item post-11701 post type-post status-publish format-standard hentry category-presse\" role=\"listitem\">\n\t\t\t\t<div class=\"elementor-post__text\">\n\t\t\t\t<h3 class=\"elementor-post__title\">\n\t\t\t<a href=\"https:\/\/www.perspektiven-burkina.de\/?p=11701\" target=&quot;_blank&quot;>\n\t\t\t\tDelegation aus Dachau ersch\u00fcttert von Armut in Burkina Faso\t\t\t<\/a>\n\t\t<\/h3>\n\t\t\t\t<div class=\"elementor-post__meta-data\">\n\t\t\t\t\t<span class=\"elementor-post-date\">\n\t\t\tM\u00e4rz 29, 2019\t\t<\/span>\n\t\t\t\t<\/div>\n\t\t\t\t<div class=\"elementor-post__excerpt\">\n\t\t\t<p>Neun CSU-Politiker aus dem Landkreis Dachau reisten im M\u00e4rz 2019 nach Burkina Faso und waren tief betroffen von der extremen Armut, mangelnder Infrastruktur und schwierigen Lebensbedingungen vor Ort. Besonders beeindruckten sie das Fehlen von Krankenwagen, medizinischer Ausstattung, Schulmaterialien und funktionierender Polizei. Trotz der Not empfanden die Politiker die Bev\u00f6lkerung als zufrieden und lebensfroh. Unterst\u00fctzt von der Hanns-Seidel-Stiftung wollen sie nun mit Spendenaktionen, Patenschaften und gezielten Hilfsprojekten wie N\u00e4hmaschinen, Rettungswagen oder Schulbau konkrete Hilfe leisten \u2013 ohne westliche Lebensweisen aufzuzwingen. Ein Spendenkonto soll eingerichtet werden.<\/p>\n\t\t<\/div>\n\t\t\n\t\t<a class=\"elementor-post__read-more\" href=\"https:\/\/www.perspektiven-burkina.de\/?p=11701\" aria-label=\"Mehr \u00fcber Delegation aus Dachau ersch\u00fcttert von Armut in Burkina Faso\" tabindex=\"-1\" target=\"_blank\">\n\t\t\tMehr Lesen \t\t<\/a>\n\n\t\t\t\t<\/div>\n\t\t\t\t<\/article>\n\t\t\t\t<article class=\"elementor-post elementor-grid-item post-11714 post type-post status-publish format-standard hentry category-presse\" role=\"listitem\">\n\t\t\t\t<div class=\"elementor-post__text\">\n\t\t\t\t<h3 class=\"elementor-post__title\">\n\t\t\t<a href=\"https:\/\/www.perspektiven-burkina.de\/?p=11714\" target=&quot;_blank&quot;>\n\t\t\t\tDachauer Verein startet Schulbauprojekt in Burkina Faso\t\t\t<\/a>\n\t\t<\/h3>\n\t\t\t\t<div class=\"elementor-post__meta-data\">\n\t\t\t\t\t<span class=\"elementor-post-date\">\n\t\t\tJanuar 1, 2019\t\t<\/span>\n\t\t\t\t<\/div>\n\t\t\t\t<div class=\"elementor-post__excerpt\">\n\t\t\t<p>Der Dachauer Verein \u201ePerspektiven f\u00fcr Burkina Faso\u201c startet sein erstes gro\u00dfes Projekt: den Bau einer weiterf\u00fchrenden Schule in Kokologho. Die Baukosten von 80.000 Euro sollen komplett durch Spenden gedeckt werden. Das Bildungsministerium Burkina Fasos hat das Projekt genehmigt, das vor Ort von der erfahrenen Partnerorganisation El-Shama Educare begleitet wird. Vereinsvorsitzender Bernhard Seidenath betont die Bedeutung von Bildung als wichtigste Ressource. Der Verein setzt auf nachhaltige Hilfe zur Selbsthilfe durch Bildung, Gesundheitsversorgung und berufliche Perspektiven. Fr\u00fchere Projekte umfassen Vorschulf\u00f6rderung und Ausstattung einer Berufsschule mit N\u00e4hmaschinen.<\/p>\n\t\t<\/div>\n\t\t\n\t\t<a class=\"elementor-post__read-more\" href=\"https:\/\/www.perspektiven-burkina.de\/?p=11714\" aria-label=\"Mehr \u00fcber Dachauer Verein startet Schulbauprojekt in Burkina Faso\" tabindex=\"-1\" target=\"_blank\">\n\t\t\tMehr Lesen \t\t<\/a>\n\n\t\t\t\t<\/div>\n\t\t\t\t<\/article>\n\t\t\t\t<article class=\"elementor-post elementor-grid-item post-12732 post type-post status-publish format-standard has-post-thumbnail hentry category-projekte\" role=\"listitem\">\n\t\t\t\t<a class=\"elementor-post__thumbnail__link\" href=\"https:\/\/www.perspektiven-burkina.de\/?p=12732\" tabindex=\"-1\" target=&quot;_blank&quot;>\n\t\t\t<div class=\"elementor-post__thumbnail\"><img decoding=\"async\" width=\"768\" height=\"576\" src=\"https:\/\/www.perspektiven-burkina.de\/wp-content\/uploads\/2025\/09\/PHOTO-2025-08-29-09-19-09-768x576.jpg\" class=\"attachment-medium_large size-medium_large wp-image-12734\" alt=\"\" srcset=\"https:\/\/www.perspektiven-burkina.de\/wp-content\/uploads\/2025\/09\/PHOTO-2025-08-29-09-19-09-768x576.jpg 768w, https:\/\/www.perspektiven-burkina.de\/wp-content\/uploads\/2025\/09\/PHOTO-2025-08-29-09-19-09-300x225.jpg 300w, https:\/\/www.perspektiven-burkina.de\/wp-content\/uploads\/2025\/09\/PHOTO-2025-08-29-09-19-09-1024x768.jpg 1024w, https:\/\/www.perspektiven-burkina.de\/wp-content\/uploads\/2025\/09\/PHOTO-2025-08-29-09-19-09.jpg 1080w\" sizes=\"(max-width: 768px) 100vw, 768px\" \/><\/div>\n\t\t<\/a>\n\t\t\t\t<div class=\"elementor-post__text\">\n\t\t\t\t<h3 class=\"elementor-post__title\">\n\t\t\t<a href=\"https:\/\/www.perspektiven-burkina.de\/?p=12732\" target=&quot;_blank&quot;>\n\t\t\t\tDie Schule der Steinbruchkinder erstrahlt im neuen Licht\t\t\t<\/a>\n\t\t<\/h3>\n\t\t\t\t<div class=\"elementor-post__meta-data\">\n\t\t\t\t\t<span class=\"elementor-post-date\">\n\t\t\tJanuar 12, 2015\t\t<\/span>\n\t\t\t\t<\/div>\n\t\t\t\t<div class=\"elementor-post__excerpt\">\n\t\t\t<p>Die Schule der Steinbruchkinder in Pissy hat nun Strom durch eine Solarausstattung \u2013 bessere Bildung f\u00fcr 156 Kinder und St\u00e4rkung der lokalen Wirtschaft.<\/p>\n\t\t<\/div>\n\t\t\n\t\t<a class=\"elementor-post__read-more\" href=\"https:\/\/www.perspektiven-burkina.de\/?p=12732\" aria-label=\"Mehr \u00fcber Die Schule der Steinbruchkinder erstrahlt im neuen Licht\" tabindex=\"-1\" target=\"_blank\">\n\t\t\tMehr Lesen \t\t<\/a>\n\n\t\t\t\t<\/div>\n\t\t\t\t<\/article>\n\t\t\t\t<\/div>\n\t\t\n\t\t\t\t\t\t<\/div>\n\t\t\t\t<\/div>\n\t\t\t\t<\/div>\n\t\t<div class=\"elementor-element elementor-element-29fef4d e-flex e-con-boxed e-con e-parent\" data-id=\"29fef4d\" data-element_type=\"container\" data-e-type=\"container\" data-settings=\"{&quot;background_background&quot;:&quot;classic&quot;}\">\n\t\t\t\t\t<div class=\"e-con-inner\">\n\t\t\t\t\t<\/div>\n\t\t\t\t<\/div>\n\t\t\t\t<\/div>\n\t\t","protected":false},"excerpt":{"rendered":"<p>Aktuelles aus dem Vereinsleben Hier berichten wir \u00fcber Neuigkeiten, Aktionen und Entwicklungen rund um Perspektiven f\u00fcr Burkina Faso e.V.. Ob Mitgliederversammlung, Spendenaktionen oder Projektfortschritte \u2013 bleiben Sie auf dem Laufenden \u00fcber unser Engagement f\u00fcr Bildung, Gesundheit und Zukunft in Burkina Faso.<\/p>\n","protected":false},"author":1,"featured_media":0,"parent":0,"menu_order":0,"comment_status":"closed","ping_status":"closed","template":"","meta":{"footnotes":""},"class_list":["post-11668","page","type-page","status-publish","hentry"],"_links":{"self":[{"href":"https:\/\/www.perspektiven-burkina.de\/index.php?rest_route=\/wp\/v2\/pages\/11668","targetHints":{"allow":["GET"]}}],"collection":[{"href":"https:\/\/www.perspektiven-burkina.de\/index.php?rest_route=\/wp\/v2\/pages"}],"about":[{"href":"https:\/\/www.perspektiven-burkina.de\/index.php?rest_route=\/wp\/v2\/types\/page"}],"author":[{"embeddable":true,"href":"https:\/\/www.perspektiven-burkina.de\/index.php?rest_route=\/wp\/v2\/users\/1"}],"replies":[{"embeddable":true,"href":"https:\/\/www.perspektiven-burkina.de\/index.php?rest_route=%2Fwp%2Fv2%2Fcomments&post=11668"}],"version-history":[{"count":47,"href":"https:\/\/www.perspektiven-burkina.de\/index.php?rest_route=\/wp\/v2\/pages\/11668\/revisions"}],"predecessor-version":[{"id":13012,"href":"https:\/\/www.perspektiven-burkina.de\/index.php?rest_route=\/wp\/v2\/pages\/11668\/revisions\/13012"}],"wp:attachment":[{"href":"https:\/\/www.perspektiven-burkina.de\/index.php?rest_route=%2Fwp%2Fv2%2Fmedia&parent=11668"}],"curies":[{"name":"wp","href":"https:\/\/api.w.org\/{rel}","templated":true}]}}